?
19
What is the highest common factor of 11040 and 3270?
30
What is the highest common divisor of 615307 and 393?
131
What is the highest common factor of 18 and 1318?
2
Calculate the greatest common divisor of 41964 and 936.
156
Calculate the highest common divisor of 294 and 75642.
42
What is the greatest common divisor of 1632 and 322932?
204
What is the highest common factor of 35834 and 608?
38
Calculate the greatest common divisor of 1575534 and 18.
6
What is the highest common factor of 385700 and 76?
76
Calculate the greatest common factor of 79 and 423914.
79
Calculate the greatest common divisor of 834 and 129.
3
Calculate the greatest common factor of 78 and 150410.
26
What is the greatest common factor of 114 and 4998?
6
Calculate the greatest common factor of 213961 and 9911.
583
What is the greatest common divisor of 1634 and 1026?
38
Calculate the highest common factor of 202 and 248.
2
Calculate the highest common divisor of 94627 and 6032.
377
What is the highest common factor of 49419 and 9027?
153
Calculate the greatest common factor of 1373586 and 798.
114
Calculate the greatest common divisor of 464 and 232812.
116
What is the greatest common divisor of 406 and 12082?
14
What is the highest common factor of 4500 and 2550375?
1125
Calculate the highest common factor of 72 and 56934.
18
Calculate the greatest common divisor of 27159 and 1749.
33
What is the greatest common divisor of 9596 and 4?
4
Calculate the highest common factor of 34567 and 52.
13
What is the greatest common factor of 3367 and 62937?
259
What is the greatest common factor of 8134 and 4814?
166
Calculate the highest common factor of 286 and 44770.
22
Calculate the highest common divisor of 27396463 and 599.
599
Calculate the highest common divisor of 3519 and 11385.
207
Calculate the greatest common divisor of 239 and 820487.
239
What is the greatest common divisor of 538213 and 247?
247
Calculate the greatest common factor of 7 and 431368.
7
Calculate the greatest common divisor of 177298 and 176.
22
Calculate the highest common divisor of 49 and 524104.
49
What is the greatest common divisor of 5048 and 792?
8
What is the greatest common divisor of 68 and 2577965?
17
Calculate the greatest common divisor of 1680 and 15610.
70
Calculate the highest common divisor of 436775 and 100.
25
What is the highest common factor of 45 and 491859?
9
Calculate the highest common divisor of 6479025 and 30.
15
Calculate the greatest common divisor of 284 and 460293.
71
Calculate the greatest common divisor of 1453347 and 63.
63
What is the highest common divisor of 351215 and 3515?
95
What is the greatest common factor of 48217 and 52?
13
Calculate the greatest common divisor of 1239 and 368235.
21
What is the greatest common factor of 10 and 30035?
5
Calculate the greatest common factor of 18531 and 319.
29
What is the highest common divisor of 259752 and 5480?
1096
Calculate the highest common factor of 541348 and 646.
646
What is the greatest common factor of 1128 and 296448?
24
Calculate the highest common factor of 311562 and 41906.
1822
What is the greatest common factor of 6 and 110867?
1
Calculate the greatest common factor of 25 and 1555.
5
What is the greatest common divisor of 116662 and 1820?
182
Calculate the greatest common factor of 594 and 65439.
99
What is the highest common divisor of 309376 and 128?
128
What is the highest common factor of 256428 and 2095?
419
Calculate the greatest common factor of 1440 and 26523.
9
What is the highest common divisor of 4744105 and 85?
85
Calculate the greatest common factor of 1077 and 30.
3
Calculate the greatest common divisor of 18675 and 98853.
249
Calculate the greatest common divisor of 72910 and 460.
230
Calculate the highest common factor of 4277 and 17954.
47
Calculate the greatest common factor of 113 and 170743.
113
Calculate the highest common factor of 137169 and 9.
9
What is the greatest common factor of 73386 and 972?
486
What is the highest common factor of 1173 and 897?
69
Calculate the highest common divisor of 3 and 885.
3
Calculate the highest common factor of 778 and 2150003.
389
What is the greatest common divisor of 18 and 12484476?
18
What is the greatest common factor of 702 and 65?
13
Calculate the highest common divisor of 60 and 81555.
15
What is the highest common divisor of 3675 and 60?
15
What is the highest common divisor of 150 and 42450?
150
Calculate the greatest common divisor of 52 and 2205424.
52
What is the highest common factor of 113 and 2310511?
113
What is the greatest common divisor of 65 and 47165?
5
What is the greatest common factor of 15200 and 41325?
475
Calculate the greatest common factor of 3 and 6702720.
3
What is the greatest common divisor of 17910 and 126?
18
Calculate the highest common factor of 49090 and 20.
10
Calculate the greatest common factor of 6792 and 2856.
24
Calculate the greatest common divisor of 3054 and 182731.
509
What is the highest common divisor of 48330 and 72?
18
What is the highest common factor of 5496 and 96?
24
What is the highest common factor of 116 and 4808?
4
Calculate the highest common factor of 11110 and 66.
22
What is the greatest common factor of 8073 and 184?
23
Calculate the greatest common divisor of 116393 and 27272.
487
What is the greatest common factor of 5 and 78805?
5
What is the greatest common divisor of 371 and 1883?
7
Calculate the greatest common factor of 5312 and 4.
4
Calculate the greatest common factor of 138 and 643011.
69
What is the greatest common divisor of 728 and 3128?
8
What is the greatest common factor of 420 and 1594110?
210
What is the highest common factor of 15730 and 5390?
110
What is the highest common divisor of 1050 and 48370?
70
Calculate the highest common factor of 111 and 93.
3
What is the greatest common factor of 2012374 and 35?
7
What is the highest common divisor of 205 and 124435?
205
Calculate the highest common factor of 1505175 and 1225.
175
Calculate the highest common factor of 1020019 and 364.
91
Calculate the highest common divisor of 852 and 79804.
284
Calculate the highest common divisor of 314080 and 455.
65
Calculate the highest common factor of 86237 and 78964.
1039
Calculate the greatest common divisor of 167863 and 1.
1
What is the greatest common factor of 3103786 and 1316?
658
Calculate the highest common factor of 14 and 262066.
14
What is the greatest common factor of 221 and 48?
1
Calculate the greatest common divisor of 173 and 257597.
173
What is the highest common divisor of 291029 and 355?
71
What is the highest common factor of 3525 and 495850?
1175
What is the greatest common divisor of 1824 and 167352?
456
Calculate the highest common factor of 11249 and 2345.
7
What is the greatest common factor of 396 and 445500?
396
What is the greatest common divisor of 350 and 1733690?
70
What is the highest common factor of 1190 and 2713370?
170
What is the highest common factor of 1047 and 187762?
349
What is the greatest common divisor of 94 and 11882?
2
Calculate the greatest common factor of 930 and 6870.
30
Calculate the highest common divisor of 59563 and 12663.
469
What is the highest common divisor of 56 and 7049924?
28
What is the highest common factor of 11723 and 361?
19
Calculate the greatest common factor of 4251 and 27105.
39
Calculate the highest common divisor of 59658 and 1098.
366
Calculate the highest common factor of 36 and 306756.
36
What is the highest common divisor of 8 and 21716?
4
Calculate the greatest common factor of 1526059 and 67.
67
What is the greatest common factor of 12141 and 1943909?
1349
What is the highest common divisor of 85 and 159800?
85
Calculate the greatest common divisor of 556733 and 68.
17
What is the highest common divisor of 7172 and 5456?
44
What is the highest common factor of 17 and 79967?
1
Calculate the highest common factor of 25 and 3844825.
25
What is the highest common factor of 534 and 5910846?
534
What is the highest common divisor of 809266 and 1172?
586
What is the greatest common factor of 232 and 998557?
29
What is the highest common factor of 46536 and 2016?
168
What is the highest common factor of 372972 and 20?
4
What is the greatest common divisor of 46669 and 25312?
791
What is the highest